number?
True
Is 9793 a composite number?
True
Is 875617 a prime number?
True
Is 149029 a prime number?
False
Is 146362 a prime number?
False
Is 1801 a composite number?
False
Is 2371 composite?
False
Is 10799 a composite number?
False
Is 1027 composite?
True
Is 77089 a prime number?
False
Is 4822 a composite number?
True
Is 2681 prime?
False
Is 14173 composite?
False
Is 350087 a composite number?
False
Is 7229 prime?
True
Is 5489 prime?
False
Is 80567 composite?
False
Is 11923 composite?
False
Is 4201 a composite number?
False
Is 14047 a composite number?
True
Is 526367 a composite number?
False
Is 139609 prime?
True
Is 6197 composite?
False
Is 13963 composite?
False
Is 26627 a composite number?
False
Is 2257 prime?
False
Is 37123 prime?
True
Is 27743 composite?
False
Is 1711 a prime number?
False
Is 7807 prime?
False
Is 556159 composite?
False
Is 285803 a prime number?
False
Is 7115 prime?
False
Is 184865 composite?
True
Is 9607 composite?
True
Is 907861 composite?
True
Is 763739 a composite number?
False
Is 478073 a prime number?
False
Is 43691 prime?
True
Is 3407 a prime number?
True
Is 25837 a composite number?
True
Is 146726 prime?
False
Is 19597 a prime number?
True
Is 5557 composite?
False
Is 983249 prime?
False
Is 8731 composite?
False
Is 15551 prime?
True
Is 7901 a prime number?
True
Is 450609 prime?
False
Is 11257 a prime number?
True
Is 344567 prime?
True
Is 1107127 a prime number?
False
Is 350311 prime?
False
Is 193723 a prime number?
True
Is 794693 composite?
False
Is 507029 a composite number?
False
Is 282457 a composite number?
True
Is 439 a composite number?
False
Is 31451 a prime number?
False
Is 10453 prime?
True
Is 18743 composite?
False
Is 31435 prime?
False
Is 11789 a composite number?
False
Is 74521 prime?
True
Is 25367 composite?
False
Is 16447 a composite number?
False
Is 105419 a composite number?
True
Is 600467 a composite number?
True
Is 90067 composite?
False
Is 26769 a prime number?
False
Is 4119 a prime number?
False
Is 474647 composite?
False
Is 492487 composite?
False
Is 25301 composite?
False
Is 7393 a prime number?
True
Is 53435 a composite number?
True
Is 50213 composite?
True
Is 5557 prime?
True
Is 386471 a composite number?
False
Is 56273 a prime number?
False
Is 16957 a prime number?
False
Is 66403 a composite number?
False
Is 106391 a prime number?
True
Is 285863 a prime number?
False
Is 119059 a composite number?
True
Is 98251 prime?
True
Is 47361 a composite number?
True
Is 267877 a prime number?
True
Is 238703 a prime number?
True
Is 4411 a composite number?
True
Is 4187047 prime?
True
Is 47623 a prime number?
True
Is 1032107 a prime number?
True
Is 25639 composite?
False
Is 65489 prime?
False
Is 23459 composite?
False
Is 36329 prime?
False
Is 120719 a prime number?
False
Is 38543 a composite number?
False
Is 631 composite?
False
Is 136031 composite?
True
Is 97423 prime?
True
Is 5039 a prime number?
True
Is 149837 prime?
True
Is 4967 a composite number?
False
Is 17609 prime?
True
Is 46573 a composite number?
False
Is 53817 composite?
True
Is 60181 a prime number?
False
Is 153847 a prime number?
False
Is 1171 composite?
False
Is 1059 a composite number?
True
Is 63241 a prime number?
True
Is 19103 a prime number?
False
Is 474241 composite?
False
Is 5587 a prime number?
False
Is 37229 composite?
True
Is 90754 a prime number?
False
Is 710119 composite?
False
Is 481 a prime number?
False
Is 2911231 a prime number?
False
Is 83461 prime?
False
Is 149918 prime?
False
Is 24287 composite?
True
Is 42899 composite?
False
Is 1366 a composite number?
True
Is 1194217 a prime number?
False
Is 2099 a composite number?
False
Is 86311 composite?
False
Is 364909 a prime number?
True
Is 64937 a prime number?
True
Is 2167 a prime number?
False
Is 267661 a prime number?
True
Is 77471 composite?
False
Is 1122367 a prime number?
True
Is 28109 prime?
True
Is 139697 a prime number?
True
Is 27961 a prime number?
True
Is 1383173 composite?
True
Is 570881 a prime number?
True
Is 52051 a composite number?
False
Is 631 composite?
False
Is 760573 a composite number?
True
Is 1527 a prime number?
False
Is 6779 a composite number?
False
Is 2921 a prime number?
False
Is 1361 a prime number?
True
Is 554194 prime?
False
Is 2447 a prime number?
True
Is 1843 prime?
False
Is 255887 a composite number?
False
Is 6623 a composite number?
True
Is 1939 prime?
False
Is 2050363 a prime number?
False
Is 61505 composite?
True
Is 100693 composite?
False
Is 29443 a prime number?
True
Is 766621 composite?
True
Is 4083 composite?
True
Is 5837 a composite number?
True
Is 10483 a prime number?
False
Is 226558 composite?
True
Is 126253 composite?
True
Is 1139243 a composite number?
True
Is 43003 a composite number?
False
Is 7669 prime?
True
Is 71569 prime?
True
Is 198545 prime?
False
Is 50513 composite?
False
Is 329471 composite?
False
Is 138813 composite?
True
Is 236143 a composite number?
False
Is 75133 composite?
False
Is 2991 a prime number?
False
Is 273755 a composite number?
True
Is 50669 prime?
False
Is 29797 composite?
True
Is 446417 a prime number?
True
Is 381 a composite number?
True
Is 6121 composite?
False
Is 53681 a composite number?
False
Is 4737 prime?
False
Is 50503 a composite number?
False
Is 17153 a prime number?
False
Is 195389 composite?
False
Is 870494 composite?
True
Is 2477 a prime number?
True
Is 36779 a prime number?
True
Is 8263 prime?
True
Is 4573 a prime number?
False
Is 44866 composite?
True
Is 5708314 prime?
False
Is 12739 composite?
False
Is 201961 composite?
False
Is 364247 composite?
True
Is 269309 a prime number?
False
Is 18397 composite?
False
Is 289337 a prime number?
False
Is 97111 prime?
False
Is 494005 composite?
True
Is 145649 a composite number?
True
Is 10427 prime?
True
Is 14709 a prime number?
False
Is 120229 a prime number?
False
Is 398813 prime?
True
Is 6617 a composite number?
True
Is 47839 prime?
False
Is 127339 composite?
True
Is 5245 composite?
True
Is 229903 composite?
False
Is 290737 a composite number?
False
Is 19121 composite?
False
Is 631 prime?
True
Is 266333 a prime number?
True
Is 12603 a composite number?
True
Is 865373 a composite number?
True
Is 8471 composite?
True
Is 363523 composite?
False
Is 8057 a composite number?
True
Is 167353 composite?
True
Is 28781 a composite number?
True
Is 9941 prime?
True
Is 10063 prime?
False
Is 112967 prime?
True
Is 9115 composite?
True
Is 19913 a composite number?
False
Is 5493 a composite number?
True
Is 29741 prime?
True
Is 3901 a prime number?
False
Is 22921 prime?
True
Is 127 composite?
False
Is 137107 prime?
False
Is 134033 composite?
False
Is 377 a prime number?
False
Is 8617 a prime number?
False
Is 50879 a composite number?
True
Is 20789 a prime number?
True
Is 19531 a composite number?
False
Is 6167 a prime number?
False
Is 3769193 prime?
True
Is 4063 prime?
False
Is 3049 prime?
True
Is 110119 prime?
True
Is 2446343 a composite number?
True
Is 85781 a prime number?
True
Is 10447 prime?
False
Is 5051 prime?
True
Is 8223 a composite number?
True
Is 4621 a prime number?
True
Is 61973 a prime number?
False
Is 7031 a prime number?
False
Is 309007 a prime number?
True
Is 3251 a prime number?
True
Is 191809 prime?
False
Is 104261 a prime number?
False
Is 5588837 composite?
False
Is 1061 a composite number?
False
Is 6637 prime?
True
Is 572035 a composite number?
True
Is 1766399 prime?
True
Is 629 a composite number?
True
Is 6947 prime?
True
Is 190073 composite?
True
Is 179897 a prime number?
True
Is 8881 a composite number?
True
Is 130933 prime?
False
Is 458377 composite?
False
Is 1733 prime?
True
Is 1694333 a composite number?
True
Is 6521 prime?
True
Is 5455 composite?
True
Is 917621 composite?
True
Is 308621 a prime number?
True
Is 2291 prime?
False
Is 148609 composite?
False
Is 576613 prime?
True
Is 42311 prime?
False
Is 89 a prime number?
True
Is 2169571 a composite number?
False
Is 216493 composite?
False
Is 4453 a composite number?
True
Is 616271 composite?
True
Is 510593 a prime number?
False
Is 194 a prime number?
False
Is 24281 composite?
False
Is 4537391 a composite number?
False
Is 47339 prime?
True
Is 349753 prime?
True
Is 10289 a composite number?
False
Is 1178743 composite?
False
Is 17287 prime?
False
Is 252131 a composite number?
True
Is 31511